35.
567
What is the greatest common factor of 110306666 and 1037?
61
What is the greatest common divisor of 6521132 and 365228?
2788
What is the greatest common divisor of 2343139270 and 478?
478
What is the greatest common divisor of 8375 and 311375?
125
What is the greatest common divisor of 327377016 and 2?
2
Calculate the highest common factor of 10567546 and 2662.
22
What is the greatest common divisor of 471 and 17134823?
157
What is the greatest common factor of 178604582 and 26?
26
Calculate the highest common factor of 6696592 and 30352.
112
Calculate the highest common factor of 23172723 and 5643.
513
Calculate the greatest common factor of 21087184 and 24.
8
What is the highest common factor of 2203116 and 24?
12
Calculate the greatest common divisor of 2660 and 303220.
20
Calculate the highest common factor of 195 and 292980.
15
What is the highest common divisor of 259925761 and 79783?
7253
Calculate the greatest common factor of 9858 and 16368.
186
What is the highest common factor of 98330198 and 138?
46
What is the highest common divisor of 198225 and 17901?
9
Calculate the highest common factor of 263354 and 59059.
91
Calculate the highest common divisor of 110099510 and 4880.
610
What is the highest common factor of 4798966 and 22986?
2554
What is the highest common factor of 576882 and 9720?
486
What is the highest common factor of 75 and 203564450?
25
What is the highest common divisor of 12469590 and 5040?
630
Calculate the greatest common divisor of 336 and 11717808.
48
Calculate the highest common factor of 255 and 1257870.
15
What is the greatest common factor of 792 and 198568008?
72
Calculate the greatest common divisor of 963757 and 7608353.
4843
Calculate the greatest common factor of 670396703 and 1634.
817
What is the greatest common divisor of 118634881 and 11785?
2357
What is the greatest common divisor of 3585397 and 6344?
61
Calculate the greatest common divisor of 312945 and 9951.
93
Calculate the greatest common divisor of 48177825 and 375.
75
What is the greatest common factor of 257552 and 464?
16
What is the greatest common divisor of 483667581 and 6385?
1277
Calculate the greatest common divisor of 7105588 and 196.
196
Calculate the greatest common divisor of 84 and 68746362.
6
What is the greatest common factor of 1633 and 4074619?
71
What is the greatest common divisor of 2391 and 619116?
3
What is the highest common factor of 1124475365 and 195?
65
Calculate the highest common divisor of 100243 and 405119.
143
What is the highest common divisor of 176516 and 464?
4
What is the greatest common factor of 1029 and 4599?
21
What is the greatest common divisor of 2124 and 6963003?
531
Calculate the highest common factor of 475 and 116185.
95
Calculate the highest common factor of 28799120 and 70.
70
What is the greatest common divisor of 186 and 139733709?
93
What is the greatest common divisor of 1977300 and 148275?
225
Calculate the highest common factor of 31823 and 321649.
263
What is the greatest common divisor of 314 and 13639375?
157
Calculate the highest common divisor of 231683530 and 27645.
9215
What is the highest common factor of 1969 and 696847?
179
Calculate the highest common divisor of 2042001 and 2252.
563
What is the greatest common factor of 567074 and 646?
38
What is the highest common divisor of 965 and 151985?
5
Calculate the greatest common factor of 42 and 12847233.
21
Calculate the highest common factor of 27050 and 6550.
50
Calculate the highest common divisor of 397415 and 1220.
305
Calculate the greatest common factor of 112001419 and 565.
113
What is the greatest common divisor of 2448 and 310488?
408
Calculate the greatest common factor of 1 and 24129541.
1
Calculate the highest common factor of 22609770 and 390.
30
What is the greatest common divisor of 4118426 and 388?
194
Calculate the highest common divisor of 5809 and 2334515.
37
What is the greatest common factor of 12813509 and 156457?
3193
Calculate the greatest common divisor of 81120 and 2524015.
845
Calculate the greatest common factor of 82827492 and 264.
132
What is the greatest common factor of 435 and 21101850?
435
Calculate the highest common divisor of 692 and 295788826.
346
What is the greatest common divisor of 1284498 and 181486?
1762
Calculate the highest common factor of 671 and 47418838.
61
What is the greatest common divisor of 542121 and 1079061?
471
What is the greatest common factor of 1034785 and 9074?
349
Calculate the greatest common divisor of 87621138 and 792.
198
Calculate the highest common factor of 180280902 and 5820.
582
What is the highest common divisor of 1090616 and 128?
8
Calculate the highest common divisor of 104959125 and 685.
685
What is the greatest common divisor of 928 and 35173984?
928
What is the highest common divisor of 32836550 and 7520?
470
What is the highest common divisor of 34112 and 1257152?
832
What is the highest common divisor of 1505 and 11255164?
43
What is the highest common factor of 33769723 and 26191?
2381
Calculate the highest common factor of 6 and 7197741.
3
What is the highest common divisor of 21248 and 38893136?
1328
What is the highest common factor of 20 and 40680508?
4
What is the greatest common factor of 224044158 and 6?
6
Calculate the greatest common divisor of 1391780 and 33920.
1060
What is the highest common divisor of 41835630 and 86010?
1830
What is the greatest common factor of 1689169 and 7471?
241
What is the highest common factor of 213543512 and 728?
728
Calculate the greatest common factor of 9688130 and 2.
2
Calculate the highest common factor of 36641320 and 800.
40
What is the greatest common divisor of 45 and 219541221?
9
What is the greatest common divisor of 3036667 and 2139?
713
What is the greatest common factor of 8632 and 581714796?
4316
What is the highest common divisor of 714375 and 1647?
9
Calculate the greatest common divisor of 51738666 and 42.
42
What is the highest common divisor of 3144 and 19991124?
1572
What is the greatest common factor of 17 and 3134383126?
17
What is the highest common divisor of 57391 and 15167?
29
What is the greatest common factor of 15336 and 3834?
3834
Calculate the highest common factor of 108874909 and 572.
143
What is the greatest common divisor of 3504833 and 6511?
383
What is the highest common divisor of 424848 and 12645240?
4008
What is the greatest common divisor of 32112 and 32808?
24
What is the greatest common divisor of 373818005 and 6655?
6655
Calculate the greatest common divisor of 16 and 12911984.
16
Calculate the greatest common divisor of 43800 and 590424.
1752
What is the highest common divisor of 270 and 8572260?
30
Calculate the greatest common divisor of 391920 and 266340.
1380
Calculate the highest common divisor of 4128 and 478416.
48
Calculate the greatest common factor of 9750 and 75062.
26
Calculate the greatest common factor of 1683130 and 118.
2
What is the highest common factor of 193523715 and 4158?
2079
What is the greatest common factor of 8584 and 9976?
232
Calculate the greatest common divisor of 104 and 3797176.
8
What is the greatest common factor of 2616 and 1027664?
8
What is the greatest common divisor of 309 and 2043809121?
309
What is the highest common factor of 10353798 and 10621?
559
Calculate the greatest common factor of 3199 and 17213.
7
Calculate the greatest common factor of 351 and 19529913.
39
What is the greatest common factor of 705 and 22104429?
141
Calculate the greatest common factor of 2313 and 243000182.
257
Calculate the greatest common factor of 405742 and 82.
2
What is the greatest common factor of 19 and 17132699?
19
Calculate the highest common divisor of 2200 and 8509380.
220
Calculate the highest common divisor of 14178131 and 55.
11
Calculate the greatest common divisor of 273234 and 8307.
39
Calculate the greatest common factor of 9384822 and 12528.
54
What is the greatest common divisor of 185985 and 16605?
45
Calculate the greatest common divisor of 15247799 and 7.
7
What is the greatest common factor of 10971 and 354223?
23
What is the highest common factor of 33206010 and 388?
194
Calculate the greatest common divisor of 161852120 and 40.
40
What is the highest common divisor of 2307862 and 5725?
229
Calculate the 